223
Let y = -36316 - -65188. List the prime factors of y.
2, 3, 401
Suppose 338*f - 297*f - 2531176 = 0. List the prime factors of f.
2, 7717
Suppose -32*y + 5*d - 977 = -34*y, -5*d = 4*y - 1959. Suppose -43*s + 44*s + 3*u = y, -2*s + 2*u = -1022. What are the prime factors of s?
2, 11, 23
Let l be ((0/((-4)/(-1)))/1)/(-5). Let n(s) = 3*s**2 + s + 531. List the prime factors of n(l).
3, 59
Let a = 8319 - 6375. List the prime factors of a.
2, 3
Let f(w) = -12*w**2 + 1970*w - 37. List the prime factors of f(87).
5, 3221
Let x(p) = -p + 9. Let n be x(10). Let w(s) = -409*s - 18. List the prime factors of w(n).
17, 23
Let v(x) = -x**2 - 14*x + 18. Let u be v(-15). Suppose 4134 = 4*s - u*a, -2*s - 4*a = 2*s - 4148. Suppose -4*c - c = -s. List the prime factors of c.
3, 23
Let n = 61266 - 36417. List the prime factors of n.
3, 11, 251
Suppose -17*c - 61*c + 201234 = -789912. List the prime factors of c.
97, 131
Suppose -43*t + 48*t = -35. Let o(u) = -29*u - 49. What are the prime factors of o(t)?
2, 7, 11
Suppose -12700 + 142980 = 10*d. What are the prime factors of d?
2, 3257
Let i(n) = -n**2 + 18*n - 30. Let f be i(12). Suppose -272 = -f*g + 38*g. Suppose -4*t - g = 3*p - 270, -5*t - 10 = 0. List the prime factors of p.
2, 5, 7
Let u = 47538 + 31685. What are the prime factors of u?
227, 349
Suppose 0 = n + 3*z - 360 - 195, 5*n + 5*z = 2745. What are the prime factors of (3 - (1 + 5)) + n + -2?
541
Suppose -3*b = 2*d - 1289, -2*d - 5*b + 1123 + 176 = 0. Let u = 328 + d. What are the prime factors of u?
5, 193
Suppose 100*x = 4*x + 2105184. What are the prime factors of x?
21929
Suppose -85550 = -19*f - 20665. What are the prime factors of f?
5, 683
Let i(p) = 9*p - 1. Let q be i(-1). Let c(x) = -x**3 - 7*x**2 + 3*x + 11. Let a be c(q). Let f = a + -115. What are the prime factors of f?
2, 83
Let o(i) = -5*i + 140. Let a be o(24). Suppose -a*d = -22*d + 326. List the prime factors of d.
163
List the prime factors of (-3052)/(-35)*(-465)/(-12).
31, 109
Suppose -2*y = -2*l + 62, -4*y + 4*l = -y + 89. Let g = y - 119. Let n = g - -247. List the prime factors of n.
3, 31
Let g = -11059 + 18249. List the prime factors of g.
2, 5, 719
Let l = 344 + -129. Let m = 11 + l. List the prime factors of m.
2, 113
Let z(l) = l**3 - 3*l**2 - 5*l + 10. Let j(o) = 4*o + 28. Let p be j(-6). Let y be z(p). Suppose -152 = 5*x - y*x. What are the prime factors of x?
2, 19
Let v = 8275 - 3544. What are the prime factors of v?
3, 19, 83
Let o = -252 + 256. What are the prime factors of -469*(o + (-6)/((-6)/(-5)))?
7, 67
Let w(q) = -540*q - 12. List the prime factors of w(-11).
2, 3, 13, 19
Let j(c) = 5531*c + 145. List the prime factors of j(5).
2, 5, 139
Let g be 13 + 130/(-13) + 2 + 0. Suppose -664 - 3421 = -g*w. List the prime factors of w.
19, 43
Let n = 5473 - 5464. Let t be (8 - 2)*(-2)/(-3). Suppose -2444 = -n*x - t*x. What are the prime factors of x?
2, 47
Let a(b) = b**2 + 21*b + 71. Let t be a(-16). What are the prime factors of 28 + (t/(-3) - 2)?
29
Let y(q) = 2484*q**2 + 1965*q - 9840. List the prime factors of y(5).
3, 5, 4139
Suppose -i + 2*h = -39024 + 1241, 0 = -4*i + 3*h + 151097. List the prime factors of i.
179, 211
What are the prime factors of ((-8)/36 - 2626/(-234)) + 21177?
2, 5297
Suppose 20*g - 30 = 14*g. What are the prime factors of 14/35*(g + 620)?
2, 5
Suppose -8*g + 274 = -3*g + 3*h, 0 = -g - 5*h + 46. Let r = g + -51. Suppose -15 - 35 = -r*y. What are the prime factors of y?
2, 5
Suppose 3*y - 3 = 0, -57*f + y - 26821 = -62*f. List the prime factors of f.
2, 3, 149
List the prime factors of -1*((-114)/399 - (-2 - 555642/(-14))).
3, 13229
Let t = 2632 + -4556. Let r = -1298 - t. What are the prime factors of r?
2, 313
Let i(t) = 611*t**2 + 18*t - 83. Let g be i(8). List the prime factors of (-4)/(-10) + 4/(100/g).
1567
Suppose -15747 = -13*g + 14*g - 2*g. What are the prime factors of g?
3, 29, 181
Suppose -7*f = m - 61073, -11*m - 4*f + 183134 = -8*m. What are the prime factors of m?
2, 3, 3391
Let r = -14 + 8. Let k(h) = 3 + 0 + 2*h**2 + 0*h**2 + 9*h. What are the prime factors of k(r)?
3, 7
Let c = -1760 - -3513. What are the prime factors of c?
1753
Let w = -9158 + 21283. List the prime factors of w.
5, 97
Let y(g) = -g**2 + 8*g + 13. Let o be y(9). Let i(k) = -k + 2. Let j be i(o). What are the prime factors of 2/4 + -21*7/j?
2, 37
Let d be 21/27 + 2/9 - -2. Suppose -d*g - 3 = 3*a, g - 3 = -1. What are the prime factors of a/7 + (-7398)/(-63)?
3, 13
Let u(y) = y**3 - 31*y**2 + 1513*y - 188. What are the prime factors of u(37)?
64007
Let j(s) = -9*s**2 + 107*s + 12. Let i be j(12). What are the prime factors of (-12519)/(-234) - (2 - i)/4?
53
Let d(u) = 13*u - 8*u - 1 + 22 + 22*u. List the prime factors of d(9).
2, 3, 11
Let s(y) = -3*y - 37. Let j be s(-13). Suppose j*f + c = 389, -4*c - 108 = -f + 82. Let v = -119 + f. List the prime factors of v.
3, 5
Let a = -713 - -1506. Suppose 1834 = -a*n + 795*n. List the prime factors of n.
7, 131
Let f = -43 + 54. Suppose 2*s - f = -x, 3*s + 7*x - 4 = 3*x. Suppose -6*r = -s*r + 36. List the prime factors of r.
2, 3
Suppose -3*p + 2*p + 3 = 0. Let l be ((-9)/(-12) + 0)*(p - 35). Let s = -15 - l. What are the prime factors of s?
3
Let d(j) = 204*j**2 - j - 2. Let a be d(-1). Let s(i) = -2*i**2 + 17*i - 12. Let l be s(5). Suppose l*t = 22*t + a. List the prime factors of t.
7, 29
Let c = -131 - -134. List the prime factors of 6/(-18) + 472/c.
157
Suppose -11*h - 12*h = -10120. Suppose -3*i = -2*y - h, -833 + 58 = -5*i - 5*y. List the prime factors of i.
2, 3, 5
Suppose 469646 = 32*b + 89454. List the prime factors of b.
109
Let b be 40/15*(-6)/(-4). Let n(k) = k**2 + 24*k - 83. Let a be n(-27). What are the prime factors of (-3)/a*(b - 136)/(-6)?
3, 11
Let z(y) = 153*y**2 + 4*y + 1. Let j = 40 + -41. What are the prime factors of z(j)?
2, 3, 5
Suppose -2*a + 0*a + 2 = 0. Let m be 8*(22/16 - a). Suppose -m*b + c = -120, 5*b - 108 = 2*b - 3*c. What are the prime factors of b?
3, 13
Let t(r) = 125*r**3 + 4*r**2 - 37*r + 258. List the prime factors of t(6).
2, 3, 5, 151
Let w(t) = -63*t - 77. Suppose -5*l = 3*k + 39, 38 = -4*k + 2*l - 40. List the prime factors of w(k).
7, 151
Suppose -5*c - 39 = -119. Suppose -5*v - 20 = 4*f, -2*f - 4*v = -0*v + c. Suppose -2*m + 11 + 31 = f. List the prime factors of m.
3, 7
Let q = 948 - 945. Let t(a) = 33*a**3 - 2*a**2 + 4*a + 12. What are the prime factors of t(q)?
3, 13, 23
Suppose -85*i + 2*u - 12998 = -89*i, 3*i - 3*u = 9780. What are the prime factors of i?
3253
Suppose 0 = -3*d - 3*j + 18339, -d + 2*j + 3006 = -3125. What are the prime factors of d?
29, 211
Let t(j) = j**2 - 10*j + 3. Let x(w) = 2*w + 20. Let c be x(-13). Let y be (10/3)/(c/(-27)). What are the prime factors of t(y)?
2, 3, 13
Let x = 52 - 56. Let o be 0 - x - -9 - 3. Suppose -13*w + o*w = -96. List the prime factors of w.
2
Suppose 4*m - 1352 = -4*v, -4*v + 0*m = m - 1355. Suppose 3*l - v = 5*n, 3*l + 4*n - 130 = 2*l. What are the prime factors of l?
2, 59
Let q be 5/3 - (-3)/(90/(-380)). Let c(v) = -36*v - 19. What are the prime factors of c(q)?
13, 29
Let p(k) = k**2 + 9*k + 18. Let f be p(-6). Suppose -5460 = -f*c - 12*c. What are the prime factors of c?
5, 7, 13
Suppose -2*v + n + 4863 + 6525 = 0, -5*v = 4*n - 28496. List the prime factors of v.
2, 89
Suppose 5*w = -3*t + 22, 5*w = -0*w - 2*t + 18. Let r(l) = -7 - 25*l**2 + 54*l**w - 28*l**2. What are the prime factors of r(8)?
3, 19
Suppose 5*s = -4*s + 9612. Let u = -1652 - s. List the prime factors of (-2)/(u/(-545) + -5).
2, 109
What are the prime factors of (-868)/(-310) - 164178/(-15)?
2, 7, 17, 23
Suppose -23*y - 17 = -17. Suppose -4*q - 7*u + 4*u + 5517 = y, 0 = 5*q + 4*u - 6896. List the prime factors of q.
2, 3, 5, 23
Let u be 6/(4 + -1) + (-4)/(-4). Let p be 3 + (-2 - (-9)/u). Suppose i - p*l - 2 = 0, -2*i - l + 28 = -21. List the prime factors of i.
2, 11
List the prime factors of 156060/(11 + -8) + 17.
17, 3061
Suppose -6*j = -4*j + 4*a - 7786, j = -4*a + 3901. List the prime factors of j.
3, 5, 7, 37
Let z be (-3475)/10*(-12)/5. Suppose -249 = 13*b - z. Suppose -2*m - 5*o + b = 0, -3*m - 3*o + 25 = -29. List the prime factors of m.
3, 5
Let j(u) = 5*u**3 + 10*u**2 + 53*u - 45. What are the prime factors of j(11)?
3, 280